{"id":8260,"date":"2023-11-29T17:14:06","date_gmt":"2023-11-29T16:14:06","guid":{"rendered":"https:\/\/sustainder.pk2.pageking.dev\/?post_type=referenties&#038;p=8260"},"modified":"2024-03-05T15:37:53","modified_gmt":"2024-03-05T14:37:53","slug":"osvetleni-odolne-vuci-budoucnosti-promenuje-centralni-park-pchery","status":"publish","type":"referenties","link":"https:\/\/sustainder.pk2.pageking.dev\/cs\/reference\/osvetleni-odolne-vuci-budoucnosti-promenuje-centralni-park-pchery\/","title":{"rendered":"Osv\u011btlen\u00ed odoln\u00e9 v\u016f\u010di budoucnosti prom\u011b\u0148uje Centr\u00e1ln\u00ed park Pchery"},"content":{"rendered":"","protected":false},"featured_media":6850,"template":"","use_cases":[],"class_list":["post-8260","referenties","type-referenties","status-publish","has-post-thumbnail","hentry"],"acf":[],"jetpack_sharing_enabled":true,"_links":{"self":[{"href":"https:\/\/sustainder.pk2.pageking.dev\/cs\/wp-json\/wp\/v2\/referenties\/8260","targetHints":{"allow":["GET"]}}],"collection":[{"href":"https:\/\/sustainder.pk2.pageking.dev\/cs\/wp-json\/wp\/v2\/referenties"}],"about":[{"href":"https:\/\/sustainder.pk2.pageking.dev\/cs\/wp-json\/wp\/v2\/types\/referenties"}],"version-history":[{"count":0,"href":"https:\/\/sustainder.pk2.pageking.dev\/cs\/wp-json\/wp\/v2\/referenties\/8260\/revisions"}],"wp:featuredmedia":[{"embeddable":true,"href":"https:\/\/sustainder.pk2.pageking.dev\/cs\/wp-json\/wp\/v2\/media\/6850"}],"wp:attachment":[{"href":"https:\/\/sustainder.pk2.pageking.dev\/cs\/wp-json\/wp\/v2\/media?parent=8260"}],"wp:term":[{"taxonomy":"use_cases","embeddable":true,"href":"https:\/\/sustainder.pk2.pageking.dev\/cs\/wp-json\/wp\/v2\/use_cases?post=8260"}],"curies":[{"name":"wp","href":"https:\/\/api.w.org\/{rel}","templated":true}]}}

Osvětlení odolné vůči budoucnosti proměňuje Centrální park Pchery
